digit of (-12)/27 - 13148/k?
3
Let p = -24 + 23. Let m be 5 + p + (0 - -4). Let h = m + 72. What is the units digit of h?
0
What is the hundreds digit of (-149434)/(-30) - 100/750?
9
Let j be 1*2/(-6)*-18. Let m = -76 - -73. What is the tens digit of (-82)/((j/3)/(1 + m))?
8
Let w(g) = 12*g**2 - 8*g - 6. Let d be w(-8). Let p = 272 - d. Let x = -387 - p. What is the tens digit of x?
6
Suppose 10071 = -2*n + 5*s - 10945, -n - 5*s = 10478. What is the hundreds digit of n/(-18) - (-18)/(-81)?
5
Let m(t) = 1764*t - 385. What is the tens digit of m(5)?
3
Suppose -s + 3 + 0 = 0. Suppose 3*k - 1536 = -s*g, -4*k - 111 = g - 620. What is the units digit of g?
3
Let j be 4*471*2/24. Suppose -4*v + t + j = -252, v = t + 106. What is the hundreds digit of v?
1
Let t = -179 + 177. Let r(f) = 194*f**2 + 2*f + 10. What is the hundreds digit of r(t)?
7
Suppose -54*q + 1534033 = -560519. What is the units digit of q?
8
What is the thousands digit of -13 + ((-10)/(-5) - -8783)?
8
Suppose 0 = -4*w - 5*n - 283, -3*w - 293 = w + 3*n. Let f(q) = q**3 + 27*q**2 + 42*q - 47. Let z be f(-25). Let a = w + z. What is the tens digit of a?
7
Let m be 5/(-30)*-3*36*67. Let b = 1936 - m. What is the hundreds digit of b?
7
Let g(s) = -13*s**3 - 44*s**2 + 10*s + 128. What is the tens digit of g(-10)?
2
Suppose -3*t = -46603 + 12619. What is the hundreds digit of t?
3
Let g(q) = -q. Let h be g(5). Let x(w) = -w**2 - 5*w + 5. Let n be x(h). Suppose -n*u + 412 = -u. What is the units digit of u?
3
Let z = 17 + -78. Let j = -109 - -88. Let r = j - z. What is the tens digit of r?
4
Let l(y) = 1034*y**3 + 5*y**2 - 92*y + 369. What is the thousands digit of l(4)?
6
Let y(h) = 26*h**3 + 4*h**2 + 9*h + 9. What is the hundreds digit of y(4)?
7
Let x(b) = -7*b**2 - 257*b - 268. What is the hundreds digit of x(-18)?
0
Suppose 441*l - 419*l = 46662. What is the hundreds digit of l?
1
Suppose -2*u = 3*i - 49739, 7930 = 5*u - i - 116477. What is the ten thousands digit of u?
2
Suppose 3*k = 2*k. Suppose -5*w + 24 = w. Suppose -5*s = w*p - 363, k = 5*s + p - 5*p - 387. What is the tens digit of s?
7
Let i(o) = 26*o**2 + 37*o - 1073. What is the hundreds digit of i(28)?
3
Suppose -3*c = 2*m - 933 - 5359, c - 3146 = -m. What is the thousands digit of m?
3
Suppose -2*l - 2*k - 1145 = -7*l, 5*l - 5*k = 1130. Suppose -n = 3*h - 349, 5*h - n - l = 3*h. What is the units digit of h?
6
What is the hundreds digit of 2 - 40/30 - 12529/(-3)?
1
Let n(p) = -p**2 - 10*p - 9. Let k be n(-9). Suppose k = -5*v, -2 - 46 = -4*s - 5*v. What is the tens digit of (27 - 6)*s/14?
1
Suppose -10 - 62 = -4*v - q, -3*q = 0. What is the hundreds digit of (12298/33)/(12/v)?
5
What is the thousands digit of 258760/30 - (-78)/(-18)?
8
Suppose -2*l - 7 = -o - 22, -4*l = -4*o - 36. Let q(n) = -n**3 + 9*n**2 - 7*n - 6. Let c be q(l). Suppose 5*y = 545 + c. What is the tens digit of y?
2
Suppose 26*g + 13920 = 80*g + 106*g. What is the units digit of g?
7
Let y = 9214 - 4096. What is the tens digit of y?
1
Let g be (2/(-2*1/(-3)))/3. Let o be (1/(-3) - g)/((-1)/6). Suppose o*t - 28 = t. What is the units digit of t?
4
Let m be (33 - 27)*4/(-3). Let j(q) = -53*q + 18. What is the units digit of j(m)?
2
Suppose -g + 3*q = -12, 0 = -5*q - 4 - 16. Let w be (-222 + g)*(-2)/6*2. What is the units digit of 24/16*w/3?
4
Suppose 29727 = 13*w + 7523. Suppose 6*z - w = -z. Let f = z - 109. What is the tens digit of f?
3
Let j(t) = 272 + 21*t + 2*t**2 - 725 + 282 + 281. What is the tens digit of j(-21)?
5
Let c(o) = -22 + 2635*o**3 - 1319*o**3 + 30*o**2 - 1315*o**3 - 5*o**2 + 21*o. Let p be (-190)/8 + 1/(-4). What is the units digit of c(p)?
0
Suppose -9*h + 27434 = -38416 - 6645. What is the units digit of h?
5
Suppose 89*g - 5*k = 85*g + 37659, k - 37641 = -4*g. What is the tens digit of g?
1
Let m(v) = 35*v**3 - 15*v**3 + 19*v**2 + 36 - 19*v**3 + 20*v. Let r be m(-18). What is the tens digit of -4 - (r + -2 + -102)?
0
Let g(r) = 19 + 2*r**2 + r**3 + 0*r - 4*r + 4*r - 5*r. What is the hundreds digit of g(6)?
2
Suppose -31*c + 6703 + 51236 = 0. Let t = -1216 + c. What is the units digit of t?
3
Suppose -35*m = -32*m - 10506. What is the hundreds digit of m?
5
Let y(c) = 273*c**2 - 8*c + 13. Let f(h) = 25*h - 23. Let p be f(1). What is the units digit of y(p)?
9
Suppose 462894 = 108*r - 2897850. What is the units digit of r?
8
Suppose -4*q + 45684 = x, -4*q + 26609 = -4*x - 19055. What is the thousands digit of q?
1
Let k(l) = 89*l**3 - 11*l**2 + 17*l + 106. What is the units digit of k(7)?
3
Let t = -1916 - -1921. Let b = -2 - -2. Suppose b = -3*i - 2*i - t*z + 500, 280 = 3*i - 2*z. What is the tens digit of i?
9
Let l(b) = -b**2 - 30*b + 100. Let q be l(-33). What is the tens digit of 22/q*(16 - -3 - 5)?
0
Suppose 28922 = 26*r - 22*r + 5*s, -4*s = -2*r + 14500. What is the units digit of r?
8
Let l be (-25)/(-10)*24/10 + -6. Suppose 29*y - 14*y - 11325 = l. What is the units digit of y?
5
Suppose -3*h - 59121 = -9*m, -6553 = -m - 0*m - 5*h. What is the units digit of m?
8
Suppose -97*r - 142254 = -118*r. What is the thousands digit of r?
6
Let a be -208*(-5 + 2)/6. Suppose 2*q - a = -2*u, -216 = -4*u - 0*u + 4*q. What is the units digit of u?
3
Suppose -2*o - 906 = -2*u - 3*u, 5*o = -u + 165. Suppose 1081 - 401 = 4*a - 2*v, -3*v - u = -a. What is the units digit of a?
8
Let d = -5 - 5. Let r be (-2)/(-3 - d/5). Suppose r*c - 6*c + 772 = 0. What is the hundreds digit of c?
1
Suppose 4*p = t + 9, -3*t + 6*t = 3*p - 9. Suppose 5*y - p*y - 6 = 0. Suppose 4*j - 108 = -y*m, -5*j - m = -146 + 5. What is the tens digit of j?
2
Let t(l) = 23*l**3 + l**2 + 2*l + 2. Let g(p) = -3*p - 2. Let y be g(0). Let q be t(y). Let w = -74 - q. What is the hundreds digit of w?
1
Suppose 142*c = 134*c - 56. Let y(w) = 13*w**2 - 11*w - 41. What is the hundreds digit of y(c)?
6
Suppose -4*s + 36 = 4*r, -r + 5*s - 7 = 10*s. What is the thousands digit of (-4254)/(-4) + (r/(-26) - -2)?
1
Let x(a) = -12 + 3 + 35*a + 6. Let s be x(2). Suppose 0 = 2*v - 1 - s. What is the tens digit of v?
3
Suppose 0 = -15*q + 18*q - 42. What is the hundreds digit of -12 + q - (2/1 + -210)?
2
Let j = -118 + 69. Let k = j + 37. What is the tens digit of 27*((-38)/k + (-1)/6)?
8
Suppose o - 2 = -3. What is the units digit of (-3 - o) + (192 - -4)?
4
Let p(v) = -v**3 - 11*v**2 + 44*v - 15. Let w be p(-16). Suppose 12*r - w = 483. What is the units digit of r?
7
Let z(r) = r**3 + 19*r**2 - 13*r + 8. Let p be z(-20). Let j = -18 - p. What is the tens digit of j?
1
Suppose 3*l = 5*l - 20. Let p = 19 - l. Suppose -4*m = -p*m + 255. What is the units digit of m?
1
Let j = 379 - 385. What is the tens digit of (-1149)/j - 4/8?
9
Suppose 282969 - 67028 = 11*o. What is the ten thousands digit of o?
1
Suppose 4*d - 2*p - 3 - 11 = 0, 0 = 3*d + 5*p + 9. Suppose -3*k - d*r + 1006 = -7*r, 2*k - 644 = -2*r. What is the units digit of k?
7
Let w(r) = 43853*r**3 + 9*r**2 - 7*r - 1. What is the tens digit of w(1)?
5
Let b(r) = r**3 - 2*r**2 - 22*r + 7. Let h be b(6). Suppose -h*d = -17*d - 2868. What is the units digit of d?
4
Suppose 0 = 5*j + 191 + 69. Let y = j - -51. Let v(m) = 73*m**2 + 1. What is the tens digit of v(y)?
7
Suppose 29*h - 11*h = 5832. Suppose -h = -14*z + 8*z. What is the units digit of z?
4
Suppose 2*y - 21 = c, -y - 7 + 0 = 3*c. Suppose y*w + 20 = 13*w. Suppose 0 = -w*o - 3 + 51. What is the tens digit of o?
1
Suppose 91*v - 89*v = 2*q - 2718, -4*v = 16. What is the units digit of q?
5
Let z(q) = 5413*q + 5755. What is the hundreds digit of z(6)?
2
Suppose 0 = 10*a - 7*a + 12*a. Suppose 3*t - 3*i - 1728 = a, -5*i + 576 = t - 4*i. What is the units digit of t?
6
Let q(y) = 4*y**3 + 26*y**2 - 53*y - 196. What is the thousands digit of q(11)?
7
Suppose 0 = 80*r + 196*r + 21*r - 10139283. What is the ten thousands digit of r?
3
Let x(p) = 27*p + 10260. What is the ten thousands digit of x(172)?
1
What is the thousands digit of -32183*(32 + -41 + (0 - -4) + 4)?
2
Let i(n) = -n**3 + 72*n**2 + 368*n + 150. What is the hundreds digit of i(74)?
4
Suppose -4*p - 11*y + 167996 = 0, -4*y = -26*p + 23*p + 126095. What is the ten thousands digit of p?
4
Suppose -z - 18 + 42 = 5*s, s - 8 = -z. What is the tens digit of (-331)/(s - (-52)/(-12))?
9
Suppose -5520 = -4*l + 1356. What is the unit